279 + q. Is o composite?
True
Let q = -6 + 9. Suppose q*h + v = 269, -5*h + 2*h - 2*v + 265 = 0. Is h a prime number?
False
Let a = 3 - 5. Is 113/(-2)*(a - 0) prime?
True
Let k be ((-4)/(-10))/((-3)/15). Let v be 315 + -5 + 2/k. Is v/9 - (-4)/6 a composite number?
True
Let c be ((-15)/(-6))/(3/6). Suppose -c*a + 98 = -72. Suppose -n - 9 = -a. Is n a prime number?
False
Let v(z) = -2*z**3 - 11*z**2 + 9*z + 6. Let a be v(7). Let q = a - -1971. Is q prime?
False
Suppose -5*n - 5 = -5*g, -5*g + 14 = -2*n - 0*g. Suppose 5*d - 3*d + 159 = n*u, 5*u = d + 272. Is u prime?
False
Let s(q) = 305*q - 3. Is s(10) prime?
False
Let o = 330 + -122. Suppose y - 18 = o. Is y a prime number?
False
Let x(s) = -s + s - s - 11 + 30 + s**2. Is x(0) a prime number?
True
Let r = 36 - 26. Let m be (2 - 4)*r/(-4). Suppose 84 - 349 = -m*i. Is i composite?
False
Let b = 692 + -294. Let z = -617 + b. Let m = z + 442. Is m composite?
False
Let p be (-6)/(-9)*(-18)/(-4). Let m(t) = -3 - 2*t**2 - 3*t - 2*t + 2 - t**p. Is m(-4) prime?
False
Is 3352/10 + (-2)/10 prime?
False
Let j(a) = a**2 - 3*a - 8. Let t be j(6). Suppose 112 = k + 5*w - 187, -5*w - t = 0. Is k a prime number?
False
Suppose 5*n = 3*n - 72. Let o = 73 + n. Is o a composite number?
False
Let u(r) = 3*r**2 - 4*r + 3. Let j(d) = d**2 - 2*d + 3. Let h be j(2). Suppose -3*f - 8 = i, -i + h*f = 2 - 18. Is u(i) a prime number?
False
Is 2/(-5) - 3585/(-25) a prime number?
False
Let x(p) = p**3 - 6*p**2 - p. Let k be x(6). Let v = 17 + k. Is v a composite number?
False
Let p = -34 + 24. Let h be (-9)/2*1*p. Let l = h - 12. Is l composite?
True
Let o = 4 - 2. Suppose 11 = o*l - 13. Suppose -l - 18 = -5*m. Is m a composite number?
True
Let x(w) = -8 + 0 + 3 + 2 + 13*w. Let m be x(6). Let t = 134 - m. Is t composite?
False
Suppose 3*f = -2*o + 34 - 99, o = 5*f + 104. Is f*(58/(-6) - -2) prime?
False
Suppose 16 = -2*t - 2*t. Let v = 6 + t. Suppose -v*m = -0*m - 94. Is m composite?
False
Let y be (-16)/(-6)*(-7 - -4). Let d be y/(-44) - 90/11. Is (d/12)/(2/(-333)) composite?
True
Let k = -13 - -12. Is (k + 0)/(13/(-3874)) prime?
False
Let n(b) be the first derivative of 137*b**2 - b - 1. Let h be n(1). Suppose h + 35 = 4*i. Is i composite?
True
Suppose 4*n = -2*g - 448, -3*n + 14 = 2*g + 349. Let d = n + 202. Is d composite?
False
Let j(q) = -81*q**3 - 2*q - 1. Let d be j(-1). Is -2 + 1 - (2 - d) prime?
True
Suppose -28*m = -27*m - 3163. Is m composite?
False
Suppose -2*d = 4, t = -4*d - 0 - 5. Is -21*t/(-1 - 2) composite?
True
Is ((-18664)/(-48))/(1/6) prime?
True
Let r(m) = -291*m + 28. Is r(-5) prime?
True
Suppose 3*a = -0*a - x - 223, 3*a + 4*x = -235. Let v = 170 + a. Is v composite?
False
Suppose 5*l = -5, -4*u = -7*l + 3*l - 3480. Is u prime?
False
Let a = -90 + 145. Is a composite?
True
Let k(q) = -q + 1. Let t be k(-5). Suppose 0*a - t = -2*a. Suppose 0 = 3*u - 2*r - 63, a*u - 24 = -r + 39. Is u a composite number?
True
Suppose j + 3 = 8. Suppose 0 = 3*s - j*r, -5*s + 40 + 0 = 5*r. Suppose 4*h = 4*l - 122 - 254, -s*l = 3*h - 430. Is l a prime number?
True
Is (2 - 9/3)/((-2)/2518) prime?
True
Is 2148 + 1*(1 - 2/1) a composite number?
True
Suppose -y + 0 = -3. Suppose -y*j = 10 + 2. Is 8/j + 4*1 a prime number?
True
Suppose -383 = -5*z - 3*o, 0*z + 4*o + 174 = 2*z. Is z prime?
True
Let n = -128 + 63. Let p = 46 - 76. Let k = p - n. Is k prime?
False
Let q be (-1 + (-15)/(-9))*3. Suppose q*s - 15 = -s. Is (-6)/(-15) + 73/s prime?
False
Let w be ((-4)/(-10))/(7/(-35)). Let q be (0 + 12)*w/(-3). Let k = q + 47. Is k a prime number?
False
Let n = 1630 + -1125. Is n a composite number?
True
Let a(q) = -7*q - 9. Let b be (-174)/21 + 4/14. Is a(b) prime?
True
Is ((-102)/(-21) - 5) + (-624)/(-7) a composite number?
False
Is -2*(-8)/(-12)*-3 a composite number?
True
Let n(u) = -u**3 + 8*u**2 - 7*u - 7. Let q be n(7). Let r be (-2)/q - 66/(-14). Suppose 0 = r*a - 336 - 229. Is a a composite number?
False
Let o = 2 + 0. Suppose -88 = 2*z + 3*s, o*z + s + 84 = -3*s. Is ((-2)/(-5))/((-2)/z) prime?
False
Suppose 5*k + 2*v - 4*v - 48 = 0, -2*k + 24 = -2*v. Let p = k + 29. Is p a prime number?
True
Is 10 + -9 + 2*2*223 prime?
False
Suppose -5*y + 5 = 5*v, 2*v = 5*y + 11 + 5. Suppose 60 = -0*p + 4*p + l, l - 45 = -v*p. Is p a prime number?
False
Let t(o) be the first derivative of -o**4/4 - 7*o**3/3 + 7*o**2/2 + 2*o - 5. Let n = -8 - 0. Is t(n) a composite number?
True
Let w = 0 + 2. Suppose -2*o + w*i = -22 - 112, 5*o = -2*i + 321. Is o a prime number?
False
Let h(b) = b - 6. Let c be h(6). Let m(j) be the second derivative of -j**5/20 + j**4/12 + 139*j**2/2 + 2*j. Is m(c) a prime number?
True
Let i(a) = -239*a. Let l be i(1). Let v = -141 - l. Suppose -2*b = 4*d - v, -5*d + 56 + 93 = 3*b. Is b composite?
False
Let m(l) = -184*l - 29. Is m(-7) prime?
True
Let c = 44 - 20. Suppose 4*h - c = -d + 3, 0 = -5*d + h + 177. Is d a composite number?
True
Let r = 5 - 13. Let p be r/(-20) + (-17)/5. Let a = 18 + p. Is a a prime number?
False
Let h = 232 + -368. Let p = h + 265. Suppose -l + 5*o + 308 = 0, -l - 5*o = p - 407. Is l a composite number?
False
Let w(r) = -r**3 + r + 745. Is w(0) a composite number?
True
Is 3/(6/(-8)) + -13 + 1060 composite?
True
Let b be (-12)/42 + 3278/7. Let y = b + -158. Suppose 6*d - y = d. Is d composite?
True
Is (-4326)/(-8) - (-11)/44 composite?
False
Let k(s) = 7*s**2 + 5*s - 3. Is k(-7) composite?
True
Let o = -63 - -174. Is o a prime number?
False
Let n(q) = -q**3 - 10*q**2 - 10*q - 7. Let z be n(-9). Suppose z = 2*s - s. Suppose -l = 3*d - 24, -s*d - 36 = -2*l + 4. Is l prime?
False
Suppose 3*u + 2*w - 1963 = -20, -3*u + 1944 = 3*w. Is u prime?
True
Let h = 1514 - 541. Is h a composite number?
True
Suppose -y - 28 = -465. Suppose -28 = 3*t + y. Let i = -58 - t. Is i prime?
True
Suppose 5*d = 5*x, -4*x + 2 = -2*d - 2. Let p(k) = k**2 - 3 - 4*k + x*k + 5*k. Is p(-5) a prime number?
True
Let d be ((-58)/(-6))/((-3)/(-18)). Suppose -5*y - 798 = -5*q - d, -1 = -y. Is q a prime number?
True
Let d(f) = -3*f. Let t be d(-1). Let a be (10/6)/((-1)/(-12)). Suppose -t*v + a = -v. Is v a composite number?
True
Suppose 2*o + 3*y = 2, -4*y = -o - 4*o + 28. Suppose -o*l + 257 + 59 = 0. Is l a composite number?
False
Let k be (7 - 3) + (1 - 0). Suppose -13 - 5 = -3*x + k*g, x = g + 8. Is x a prime number?
True
Let r be 1 - 1*(2 - -154). Let t = r - -224. Is t composite?
True
Let u be ((-8)/12*-6)/2. Suppose 3*c - 321 = u*c. Is c prime?
False
Let p = 2761 - 1484. Is p prime?
True
Suppose -b = 2*r + 4 - 19, -24 = -4*b + r. Is b a prime number?
True
Suppose -3*b = -28 + 4. Is -3 + b/(-4)*-35 prime?
True
Let m(t) = -2*t - 2. Let v be m(-2). Suppose -4 = -v*g - 0. Is (49/g)/(3/6) a prime number?
False
Is 55/2*6/3 prime?
False
Suppose 17*d + 522 = 26*d. Is d a prime number?
False
Suppose 0 = a - 3 - 2. Suppose -4*v - 317 = -a*b, 2*v + 2*b + 154 = -0*v. Let o = 49 - v. Is o a composite number?
False
Suppose 7*q - 5*q - 1 = -3*z, -2*z = 2. Suppose -189 = -3*w + 3*g, 6*g - q*g - 43 = -w. Is w prime?
True
Suppose -2*z - 4*w + 648 + 870 = 0, 2*w + 3819 = 5*z. Is z a composite number?
True
Is 5*(6/(-4))/(1/(-2)) a prime number?
False
Suppose 2101 = 5*k - 3*s, -5 = -2*s + 1. Let j = 699 - k. Let v = j + -156. Is v a prime number?
False
Is ((-93)/(-12))/(2/24) a composite number?
True
Suppose 5*n - 5 = m, 0*n = -n + 5*m - 23. Suppose -n*z + z = -148. Is (1 + -2)/((-4)/z) composite?
False
Is 8011 - (-11)/((-22)/4) a prime number?
True
Let q(z) = z - 53. Let l be q(0). Let d = l + 102. Is d composite?
True
Is 1232/40 - (-3)/15 a prime number?
True
Let j = -998 - -1465. Suppose -5*w = -4*a + j + 29, -8 = 2*w. Is a composite?
True
Let g(c) = 148*c**2 - c. Is g(-1) a composite number?
False
Let c = -3658 - -6365. Is c prime?
True
Let w(b) = 7*b**2 + b + 1. Is w(-7) a prime number?
True
Let q(g) = 3*g - 2. Let y be q(4). Suppose 3*r + y - 28 = 0. Let n(s) = 15*s - 3. Is n(r) prime?
False
Suppose 2*i + 17 - 239 = 0. Is i prime?
False
Let m(y) = -y**3 - 6*y**2 - 6*y + 5. Let s be m(-5). Let l = s - -25. Is l composite?
True
Let o = -149 - -105. Let z = 9 - o. Is z a composite number?
False
Let j be 3/(-2) - (-25)/10. Suppose 2*k - 22 = -i + j, -4*i - 5*k + 77 = 0. Is i prime?
True
Suppose m + 4*z = -2 + 10, -4*m = z + 13. Is 2/(m/(-370